d + 8 + d + 2*d. Let o(y) = -2*y**2 - 3*y - 1. Let m be o(-1). Calculate t(m).
8
Let g(m) = -m + 3. Let d be g(3). Let h(v) = v**2 - v - 4. What is h(d)?
-4
Let f(q) be the second derivative of q**4/12 + q**3 - q**2 + q. What is f(-7)?
5
Let x(l) be the second derivative of -1/8*l**4 - 2*l + 5/6*l**3 + 3/2*l**2 + 0. Let q(t) be the first derivative of x(t). Determine q(4).
-7
Let q = -1 + 4. Let c(n) = -5*n - 12. Let g(h) = 11*h + 25. Let t(j) = q*g(j) + 7*c(j). Determine t(-6).
3
Let j be ((-2)/9)/((-3)/27). Suppose -j*t + 4*v - 4 = 4, 3*v = -4*t + 28. Let g(b) = -b**3 + 4*b**2 - 2*b + 2. Give g(t).
-6
Let b(a) = a**3 - 3*a**2 - 4*a - 3. Let f be b(4). Let x(j) = j - 1. Give x(f).
-4
Let l be ((-6)/9)/((-3)/9). Let x(v) = 3*v - 1. Let c be x(l). Let h(d) = -d**2 + 2*d + 7. Determine h(c).
-8
Let q(o) = -o**2 + 8*o - 7. Let y(r) = -r**2 + 8*r + 5. Let d be y(8). Determine q(d).
8
Let m = 193 + -25. Let z be 2/(-9) - m/(-27). Suppose -2*g + 4 + z = 0. Let t(h) = h - 11. Give t(g).
-6
Let n = -3 + -9. Let f = -8 - n. Let p(g) = -g**2 + 4*g + 2. Give p(f).
2
Let u(m) = -17 - 10 + 5*m + 7. Suppose -2 - 4 = -3*n. Let t(k) = k - 5. Let j(c) = n*u(c) - 9*t(c). What is j(-4)?
1
Let w(t) = 0*t + 3*t + 0*t + 3 + 0. Let p(z) = -z**2 - 2*z. Let g be p(-3). Determine w(g).
-6
Suppose 0 = -2*o + 7*o. Suppose o*k - 5*k - 10 = 0. Let t(p) = p**2 + 3*p. Let g(u) = -6*u**2 - 14*u + 1. Let y(z) = k*g(z) - 11*t(z). Determine y(4).
-6
Let r(p) = 12*p - p + 1 - 3*p. Suppose -3*b + 5 = 2*b. Calculate r(b).
9
Let m(z) = -3*z - 8. Let r(u) = -1. Let k(g) = -m(g) - r(g). Calculate k(-6).
-9
Let s = -2 + 4. Let w(q) = q**2 + 20*q + 22. Let k be w(-19). Let t(z) = -k*z + 2*z**3 + 1 + 2*z**3 + z**s - 6*z**3 + 4*z. Calculate t(-1).
3
Let j(f) = -f**2 + f + 7. Let s(y) = -2*y + 8. Let c be s(4). Suppose -5*q + 6*q = c. Determine j(q).
7
Let h(t) be the second derivative of 1/60*t**5 - 1/24*t**4 - 1/120*t**6 - t**3 + t + 0 + t**2. Let q(j) be the first derivative of h(j). What is q(0)?
-6
Let o(i) = 2*i + 0 + 0*i - 1. Let d = -52 + 57. What is o(d)?
9
Suppose 0*w - 2*w = 2*m - 8, -4*w + 5*m = -7. Let k(j) = -j - j**3 + j**2 + 3*j + 2*j. Give k(w).
-6
Let l(g) be the first derivative of 2*g**3/3 + g + 6. Calculate l(-1).
3
Let o be 58/18 - (-4)/(-18). Let v(k) = k**3 - 3*k**2 - 8*k + 6. Let h(p) = p**3 - 3*p**2 - 7*p + 5. Let r(l) = -7*h(l) + 6*v(l). Give r(o).
4
Suppose 0 = -5*l + 15 - 5. Suppose -17 = 3*b - l, 4*c = -b - 13. Let z(j) = -j + 1. Let v(f) = -4*f + 5. Let p(s) = v(s) - 5*z(s). Determine p(c).
-2
Let k(h) be the third derivative of 0*h**3 + 0*h**5 + 0*h**4 - 1/24*h**6 + h**2 + 0*h + 0. Give k(-1).
5
Let r(d) be the third derivative of -d**6/120 + d**5/30 + d**4/12 + d**3/6 - 5*d**2. Let s be r(-1). Let f(w) = -2*w + 3*w + 0*w. Calculate f(s).
2
Let c(d) = d**2 + 2*d + 3. Let z be c(-2). Let f(w) = w - 3*w + z*w. Suppose 0 = -2*v - 4 - 4. Give f(v).
-4
Let k(u) = -u**3 + 2*u**2. Suppose -2*s - 60 = -6*s. Suppose -3*i - 7 = 4*h, 5*i - 4*h - 16 = s. Determine k(i).
-9
Let q(d) be the first derivative of -d**4/4 + 4*d**3/3 - 5*d + 5. Let o = 4 - 0. Calculate q(o).
-5
Let c(q) = -3*q**2 - 1. Suppose j - 2 = -5*x, 3*x + 1 = j - 1. Let r = 3 - j. Determine c(r).
-4
Let g(t) be the second derivative of 1/2*t**3 + 0 - 2*t**2 - 6*t. Suppose -n - 5 = -4*y, -2*n + 0*n + 5*y - 4 = 0. Determine g(n).
5
Let b(a) = -2*a - 13. Let t(o) = -4*o - 24. Let c(y) = 11*b(y) - 6*t(y). Calculate c(0).
1
Let y(p) = p**2 - p. Let m(i) = -i**3 + 11*i**2 - 9*i. Let b(w) = m(w) - 6*y(w). Let q = 0 - 2. Let z = 5 + q. Determine b(z).
9
Let c(t) = t**2 + 4*t + 5. Let u be c(-4). Let q(w) = w**2 - 7*w + 4. Give q(u).
-6
Suppose -z - 3*l + 6 = z, 0 = -2*z - 5*l + 6. Let w(q) = -z + 0*q - 2*q + 6 + q. Determine w(5).
-2
Let s be (-2)/((0 - 1) + -1). Let o(k) = 0 - 9*k**3 + k + 2*k**3 - k**2 + s. Suppose 2*q - 1 = -3*c, 2*c = 4*c + q. What is o(c)?
6
Let g(t) be the second derivative of t**5/120 + t**4/2 + 2*t**3/3 + 4*t. Let q(p) be the second derivative of g(p). Give q(-5).
7
Let z(k) = -3*k + 4. Let l be (8/(-6))/(24/(-108)). Let v be 4/(-4 + l) + 2. Calculate z(v).
-8
Suppose m + 3*l + 3 = 0, -2*m - 23 = -m - l. Let q = -17 - m. Let o(k) = -5*k**2 + 0*k + k + 0*k. What is o(q)?
-4
Let o(d) = -d**2 - 1. Let r be o(2). Let b = 1 - -1. Let c(k) = -4*k + b + 4*k**2 + 2*k**3 - k**3 + 3. Give c(r).
0
Let a(d) = 8*d - 9*d - 2 + 1. What is a(1)?
-2
Let i(n) = -2 - 6 + 2*n + 4. Calculate i(3).
2
Let j(u) be the second derivative of -u**5/20 + u**4/4 + 7*u**3/6 - u**2/2 - 6*u + 2. Give j(5).
-16
Let l(c) be the third derivative of c**6/120 + 2*c**5/15 + c**4/4 - c**3/3 + 2*c**2. What is l(-7)?
5
Let u(k) be the third derivative of 1/10*k**5 + 0 + k**2 + 0*k**4 + 0*k**3 - 1/120*k**6 + 0*k. Suppose v + 4*y + 26 = 4*v, -2*y = 3*v - 14. Determine u(v).
0
Suppose 0 = -3*z - z - 16. Let y(i) = i**3 + 3*i**2 + 1. Let q be y(-3). Let c = q - z. Let h(n) = -n**2 + 6*n - 5. Give h(c).
0
Let n(z) = -10*z**2 + 18*z + 15. Let r(v) = 3*v**2 - 6*v - 5. Let w(l) = -2*n(l) - 7*r(l). Give w(7).
-2
Let v(s) = -s**2 + 3*s - 2. Let n(c) = c + 14. Let a be n(-8). Let m = a + -2. Give v(m).
-6
Let x(q) = q**3 - 2*q**2 - q - 1. Let l(k) = 3*k**2. Let p be l(1). Suppose p*d - 6 = d. Calculate x(d).
5
Let u(l) = -2*l**2 - l + 11. Let t(h) = h**3 + h**2 - 1. Let p(g) = t(g) + u(g). Give p(0).
10
Let n(d) = 4*d**2 - 12*d**2 - 5*d + 9*d**2 + 2. Give n(5).
2
Let l(w) = w**3 + 6*w**2 + 54 - 53 + 3*w + 5*w - 3*w. Let u = 6 + -11. What is l(u)?
1
Let u(l) = l - 7. Let h(r) = -r**3 - 4*r**2 - 4*r - 3. Let g be h(-3). Let d = g + -12. Let a be (-1 - -2)/((-2)/d). What is u(a)?
-1
Suppose -3*n + 8 - 2 = 0. Let w(u) = 3*u - 3. Let z(s) = -15*s + 15. Let k(j) = -24*w(j) - 5*z(j). Determine k(n).
3
Let d(a) = a**2 + 2*a + 2. Let p be ((-2)/5)/((-8)/40). Suppose -15 = p*m + 3*m. What is d(m)?
5
Let w be (-1 + 3 - 1)*1. Let y(g) = 2*g**2 + 1 + g + g**2 - 2*g. Determine y(w).
3
Let j(f) = 18*f**2 + 9 + f**3 - 34*f**2 + 17*f**2. Give j(0).
9
Let k(v) = v**2 - 6*v + 3. Suppose 0 = -s + 3 + 1. Let y(i) = 3*i - 4. Let f be y(s). Suppose -4*p - f = -6*p. Calculate k(p).
-5
Let z(b) = -3*b - 4. Let q(o) = 7*o + 8. Let s(m) = 4*q(m) + 9*z(m). Let t(h) = -h**2 - 4*h - 3. Let g be t(-4). Determine s(g).
-7
Let g(i) be the first derivative of -4*i**3/3 + i**2/2 + 2*i - 9. Give g(2).
-12
Let b(x) = -x**3 - 14*x**2 - 3*x - 35. Let o be b(-14). Let m(h) = -2*h + 8. Calculate m(o).
-6
Suppose 5*x = 2*n - 22, -n + 6*n - 36 = 3*x. Suppose -36 = 3*s + r, 0 = 3*s + 2*s - 5*r + 40. Let m = n + s. Let d(j) = -j**3 - 5*j**2 - j + 3. Calculate d(m).
8
Let n = 7 - 2. Let g(y) be the third derivative of -y**6/120 + y**5/12 + y**3/2 + 3*y**2. Determine g(n).
3
Let q = -3 - -7. Let d(j) be the third derivative of -j**4/24 + j**3/6 - 7*j**2. Let m(r) = r**2 - 8*r + 5. Let b(y) = -2*d(y) + m(y). Determine b(q).
-5
Let x(g) = g + 10. Let b be (2/(-4))/(4/(-32)). Suppose -b*m + 6 = 2*h, h = 2*m - 0*h + 3. Determine x(m).
10
Let t = -76 + 75. Let g(z) = 20*z**3 - 2*z**2 - z. What is g(t)?
-21
Let h(d) be the second derivative of -d**4/12 - d**3/2 + d**2/2 - d. Let r(n) = n + 6. Suppose -3*q = q + 32. Let p be r(q). Give h(p).
3
Let b(i) = -i**2 - 8*i + 2. Let m(x) = -2*x**2 + x. Let q be m(2). Determine b(q).
14
Let n(d) be the first derivative of -d**3/2 + d + 1. Let k(v) be the first derivative of n(v). Determine k(2).
-6
Let t(y) be the third derivative of y**6/120 - 2*y**5/15 + y**4/4 + 3*y**3/2 - 3*y**2 - 3*y. Give t(7).
2
Let p = 1 - -2. Let c(l) = -4*l**3 - l - 52 + 24 + 25 + 5*l**3 - 3*l**2. Calculate c(p).
-6
Let m(p) = p**3 + 3*p**2 - 5*p - 1. Suppose -16 = 6*s - 2*s. Determine m(s).
3
Let i(m) be the first derivative of 2*m**2 + m - 3*m**2 + 0*m + 1. Let x be (((-36)/(-14))/(-3))/(6/(-28)). Give i(x).
-7
Let i(s) be the third derivative of -s**6/120 - s**5/10 + s**4/12 + 4*s**3/3 - 11*s**2. Determine i(-6).
-4
Let w = 2 + 0. Suppose z - 1 = -5*t + 5, -w*t = -5*z + 30. Let q(j) = -j**3 + 7*j**2 - 6*j - 2. Give q(z).
-2
Let k(f) = 8*f + 0 - f**2 + 0*f**2 - 4. Let c(r) = 1. Let t(j) = j + 4. Let h(b) = 5*c(b) + t(b). Let s be h(-4). Calculate k(s).
11
Let n(g) = 2*g**2 - 5 - 3*g**2 - 5. Let v = 411 - 411. What is n(v)?
-10
Let q(l) = -5*l - 1. Suppose d - 3*o = 3